{"id":7,"date":"2023-08-25T06:17:29","date_gmt":"2023-08-25T06:17:29","guid":{"rendered":"http:\/\/localhost\/aladdin\/?page_id=7"},"modified":"2025-09-26T02:32:07","modified_gmt":"2025-09-25T19:32:07","slug":"gioi-thieu","status":"publish","type":"page","link":"https:\/\/sb.io.vn\/nhatngu\/gioi-thieu\/","title":{"rendered":"GI\u1edaI THI\u1ec6U"},"content":{"rendered":"<p style=\"text-align: center;\"><span style=\"color: #ff9900;\"><strong>C\u00d4NG TY CUNG \u1ee8NG NH\u00c2N L\u1ef0C DEMO123<\/strong><\/span><\/p>\n<p style=\"text-align: center;\"><em>Kh\u1edfi ngu\u1ed3n \u01b0\u1edbc m\u01a1, k\u1ebft n\u1ed1i th\u00e0nh c\u00f4ng<\/em><\/p>\n<p>Ch\u00e0o m\u1eebng b\u1ea1n \u0111\u1ebfn v\u1edbi C\u00d4NG TY CUNG \u1ee8NG NH\u00c2N L\u1ef0C DEMO123! Ch\u00fang t\u00f4i t\u1ef1 h\u00e0o l\u00e0 m\u1ed9t \u0111\u01a1n v\u1ecb h\u00e0ng \u0111\u1ea7u trong l\u0129nh v\u1ef1c t\u01b0 v\u1ea5n, \u0111\u00e0o t\u1ea1o ti\u1ebfng Nh\u1eadt, du h\u1ecdc v\u00e0 gi\u1edbi thi\u1ec7u vi\u1ec7c l\u00e0m t\u1ea1i Nh\u1eadt B\u1ea3n. V\u1edbi s\u1ee9 m\u1ec7nh t\u1ea1o c\u01a1 h\u1ed9i cho nh\u1eefng ng\u01b0\u1eddi tr\u1ebb Vi\u1ec7t Nam th\u1ef1c hi\u1ec7n \u01b0\u1edbc m\u01a1 g\u1eb7p g\u1ee1 v\u00e0 chinh ph\u1ee5c th\u00e0nh c\u00f4ng t\u1ea1i &#8220;x\u1ee9 s\u1edf hoa anh \u0111\u00e0o&#8221;, ch\u00fang t\u00f4i \u0111\u00e3 v\u00e0 \u0111ang kh\u00f4ng ng\u1eebng n\u1ed7 l\u1ef1c, x\u00e2y d\u1ef1ng c\u1ea7u n\u1ed1i gi\u1eefa nh\u1eefng kh\u00f3a h\u1ecdc ch\u1ea5t l\u01b0\u1ee3ng v\u00e0 t\u01b0\u01a1ng lai t\u01b0\u01a1i s\u00e1ng.<\/p>\n<p><span style=\"color: #ff9900;\"><strong>V\u1ec1 ch\u00fang t\u00f4i:<\/strong><\/span><\/p>\n<p>Aladdin hi\u1ec3u r\u1eb1ng vi\u1ec7c h\u1ecdc ti\u1ebfng Nh\u1eadt v\u00e0 du h\u1ecdc t\u1ea1i Nh\u1eadt B\u1ea3n kh\u00f4ng ch\u1ec9 l\u00e0 m\u1ed9t h\u00e0nh tr\u00ecnh h\u1ecdc t\u1eadp, m\u00e0 c\u00f2n l\u00e0 m\u1ed9t c\u01a1 h\u1ed9i \u0111\u1ec3 m\u1edf r\u1ed9ng t\u1ea7m nh\u00ecn, tr\u1ea3i nghi\u1ec7m v\u0103n h\u00f3a \u0111a d\u1ea1ng v\u00e0 ph\u00e1t tri\u1ec3n b\u1ea3n th\u00e2n. Ch\u00ednh v\u00ec v\u1eady, ch\u00fang t\u00f4i cam k\u1ebft cung c\u1ea5p c\u00e1c kh\u00f3a h\u1ecdc ti\u1ebfng Nh\u1eadt ch\u1ea5t l\u01b0\u1ee3ng, v\u1edbi \u0111\u1ed9i ng\u0169 gi\u1ea3ng vi\u00ean gi\u00e0u kinh nghi\u1ec7m v\u00e0 ph\u01b0\u01a1ng ph\u00e1p gi\u1ea3ng d\u1ea1y hi\u1ec7n \u0111\u1ea1i. Ch\u00fang t\u00f4i kh\u00f4ng ch\u1ec9 gi\u00fap b\u1ea1n v\u1eefng v\u00e0ng trong vi\u1ec7c s\u1eed d\u1ee5ng ti\u1ebfng Nh\u1eadt m\u1ed9t c\u00e1ch th\u00e0nh th\u1ea1o, m\u00e0 c\u00f2n h\u01b0\u1edbng d\u1eabn b\u1ea1n v\u01b0\u1ee3t qua c\u00e1c k\u1ef3 thi ch\u1ee9ng ch\u1ec9 quan tr\u1ecdng.<\/p>\n<p><span style=\"color: #ff9900;\"><strong>D\u1ecbch v\u1ee5 c\u1ee7a ch\u00fang t\u00f4i:<\/strong><\/span><\/p>\n<ol>\n<li><strong>T\u01b0 v\u1ea5n du h\u1ecdc Nh\u1eadt B\u1ea3n:<\/strong> Ch\u00fang t\u00f4i c\u00f3 \u0111\u1ed9i ng\u0169 chuy\u00ean gia t\u01b0 v\u1ea5n du h\u1ecdc gi\u00e0u kinh nghi\u1ec7m, s\u1eb5n s\u00e0ng h\u1ed7 tr\u1ee3 b\u1ea1n t\u1eeb vi\u1ec7c ch\u1ecdn ng\u00e0nh h\u1ecdc, tr\u01b0\u1eddng h\u1ecdc ph\u00f9 h\u1ee3p \u0111\u1ebfn vi\u1ec7c x\u1eed l\u00fd th\u1ee7 t\u1ee5c v\u00e0 visa. Ch\u00fang t\u00f4i lu\u00f4n \u0111\u1ed3ng h\u00e0nh c\u00f9ng b\u1ea1n trong m\u1ecdi b\u01b0\u1edbc c\u1ee7a h\u00e0nh tr\u00ecnh du h\u1ecdc.<\/li>\n<li><strong>Kh\u00f3a h\u1ecdc ti\u1ebfng Nh\u1eadt:<\/strong> V\u1edbi c\u00e1c kh\u00f3a h\u1ecdc linh ho\u1ea1t t\u1eeb c\u01a1 b\u1ea3n \u0111\u1ebfn n\u00e2ng cao, ch\u00fang t\u00f4i gi\u00fap b\u1ea1n x\u00e2y d\u1ef1ng n\u1ec1n t\u1ea3ng v\u1eefng ch\u1eafc v\u1ec1 ti\u1ebfng Nh\u1eadt, t\u1eeb luy\u1ec7n ng\u1eef ph\u00e1p \u0111\u1ebfn giao ti\u1ebfp h\u00e0ng ng\u00e0y.<\/li>\n<li><strong>Gi\u1edbi thi\u1ec7u vi\u1ec7c l\u00e0m t\u1ea1i Nh\u1eadt B\u1ea3n:<\/strong> Aladdin h\u1ee3p t\u00e1c ch\u1eb7t ch\u1ebd v\u1edbi nhi\u1ec1u doanh nghi\u1ec7p t\u1ea1i Nh\u1eadt B\u1ea3n, gi\u00fap b\u1ea1n c\u00f3 c\u01a1 h\u1ed9i ti\u1ebfp c\u1eadn v\u1edbi c\u00e1c v\u1ecb tr\u00ed vi\u1ec7c l\u00e0m ph\u00f9 h\u1ee3p v\u1edbi n\u0103ng l\u1ef1c v\u00e0 m\u1ee5c ti\u00eau c\u00e1 nh\u00e2n. Ch\u00fang t\u00f4i kh\u00f4ng ch\u1ec9 gi\u00fap b\u1ea1n t\u00ecm vi\u1ec7c, m\u00e0 c\u00f2n h\u1ed7 tr\u1ee3 trong qu\u00e1 tr\u00ecnh t\u00ecm hi\u1ec3u v\u0103n h\u00f3a l\u00e0m vi\u1ec7c t\u1ea1i Nh\u1eadt B\u1ea3n.<\/li>\n<\/ol>\n<p><span style=\"color: #ff9900;\"><strong>T\u1ea1i sao ch\u1ecdn ch\u00fang t\u00f4i:<\/strong><\/span><\/p>\n<ul>\n<li><strong>Kinh nghi\u1ec7m v\u00e0 uy t\u00edn:<\/strong> Aladdin \u0111\u00e3 c\u00f3 nhi\u1ec1u n\u0103m kinh nghi\u1ec7m trong l\u0129nh v\u1ef1c gi\u00e1o d\u1ee5c v\u00e0 gi\u1edbi thi\u1ec7u vi\u1ec7c l\u00e0m, \u0111\u01b0\u1ee3c h\u00e0ng ng\u00e0n h\u1ecdc vi\u00ean tin d\u00f9ng v\u00e0 \u0111\u00e1nh gi\u00e1 cao.<\/li>\n<li><strong>\u0110\u1ed9i ng\u0169 chuy\u00ean gia:<\/strong> \u0110\u1ed9i ng\u0169 gi\u1ea3ng vi\u00ean v\u00e0 chuy\u00ean gia t\u01b0 v\u1ea5n c\u1ee7a ch\u00fang t\u00f4i lu\u00f4n c\u1eadp nh\u1eadt ki\u1ebfn th\u1ee9c v\u00e0 n\u1eafm v\u1eefng xu h\u01b0\u1edbng \u0111\u1ec3 mang \u0111\u1ebfn nh\u1eefng d\u1ecbch v\u1ee5 t\u1ed1t nh\u1ea5t cho b\u1ea1n.<\/li>\n<li><strong>H\u1ed7 tr\u1ee3 to\u00e0n di\u1ec7n:<\/strong> Ch\u00fang t\u00f4i kh\u00f4ng ch\u1ec9 h\u1ed7 tr\u1ee3 trong vi\u1ec7c h\u1ecdc t\u1eadp m\u00e0 c\u00f2n \u0111\u1ed3ng h\u00e0nh trong m\u1ecdi kh\u00eda c\u1ea1nh c\u1ee7a h\u00e0nh tr\u00ecnh du h\u1ecdc v\u00e0 l\u00e0m vi\u1ec7c t\u1ea1i Nh\u1eadt B\u1ea3n.<\/li>\n<\/ul>\n<p>H\u00e3y \u0111\u1ec3 C\u00d4NG TY CUNG \u1ee8NG NH\u00c2N L\u1ef0C DEMO123 l\u00e0 \u0111\u1ed1i t\u00e1c \u0111\u00e1ng tin c\u1eady, gi\u00fap b\u1ea1n bay cao v\u00e0 xa h\u01a1n trong s\u1ef1 nghi\u1ec7p v\u00e0 cu\u1ed9c s\u1ed1ng c\u1ee7a m\u00ecnh. C\u00f9ng ch\u00fang t\u00f4i, \u01b0\u1edbc m\u01a1 c\u1ee7a b\u1ea1n s\u1ebd \u0111\u01b0\u1ee3c kh\u00e1m ph\u00e1 v\u00e0 th\u1ef1c hi\u1ec7n m\u1ed9t c\u00e1ch ho\u00e0n h\u1ea3o!<\/p>\n","protected":false},"excerpt":{"rendered":"<p>C\u00d4NG TY CUNG \u1ee8NG NH\u00c2N L\u1ef0C DEMO123 Kh\u1edfi ngu\u1ed3n \u01b0\u1edbc m\u01a1, k\u1ebft n\u1ed1i th\u00e0nh c\u00f4ng Ch\u00e0o m\u1eebng b\u1ea1n \u0111\u1ebfn v\u1edbi C\u00d4NG TY CUNG \u1ee8NG NH\u00c2N L\u1ef0C DEMO123! Ch\u00fang t\u00f4i t\u1ef1 h\u00e0o l\u00e0 m\u1ed9t \u0111\u01a1n v\u1ecb h\u00e0ng \u0111\u1ea7u trong l\u0129nh v\u1ef1c t\u01b0 v\u1ea5n, \u0111\u00e0o t\u1ea1o ti\u1ebfng Nh\u1eadt, du h\u1ecdc v\u00e0 gi\u1edbi thi\u1ec7u vi\u1ec7c l\u00e0m t\u1ea1i Nh\u1eadt<\/p>\n","protected":false},"author":1,"featured_media":0,"parent":0,"menu_order":0,"comment_status":"closed","ping_status":"closed","template":"","meta":{"footnotes":""},"class_list":["post-7","page","type-page","status-publish","hentry"],"_links":{"self":[{"href":"https:\/\/sb.io.vn\/nhatngu\/wp-json\/wp\/v2\/pages\/7","targetHints":{"allow":["GET"]}}],"collection":[{"href":"https:\/\/sb.io.vn\/nhatngu\/wp-json\/wp\/v2\/pages"}],"about":[{"href":"https:\/\/sb.io.vn\/nhatngu\/wp-json\/wp\/v2\/types\/page"}],"author":[{"embeddable":true,"href":"https:\/\/sb.io.vn\/nhatngu\/wp-json\/wp\/v2\/users\/1"}],"replies":[{"embeddable":true,"href":"https:\/\/sb.io.vn\/nhatngu\/wp-json\/wp\/v2\/comments?post=7"}],"version-history":[{"count":4,"href":"https:\/\/sb.io.vn\/nhatngu\/wp-json\/wp\/v2\/pages\/7\/revisions"}],"predecessor-version":[{"id":1003,"href":"https:\/\/sb.io.vn\/nhatngu\/wp-json\/wp\/v2\/pages\/7\/revisions\/1003"}],"wp:attachment":[{"href":"https:\/\/sb.io.vn\/nhatngu\/wp-json\/wp\/v2\/media?parent=7"}],"curies":[{"name":"wp","href":"https:\/\/api.w.org\/{rel}","templated":true}]}}